s the hundreds digit of y?
1
Let a(w) = 114*w**2 + w + 3. Let l be a(2). Suppose -2*y = -91 - l. Suppose 0 = 2*q + m - y, q + 5*m - 60 - 87 = 0. What is the hundreds digit of q?
1
Let b = 166 + -162. Suppose 4*n + 0*v - 393 = -3*v, -b*n - 2*v + 390 = 0. What is the tens digit of n?
9
Suppose -10040 = -83*s + 75*s. Suppose -4*r + 4 = 0, -q = q + r - s. What is the units digit of q?
7
Let k(r) be the first derivative of -r**4/4 + 4*r**3/3 - 3*r**2/2 + 3*r - 14. Let x be k(3). Suppose 3 + 9 = 3*f, 166 = x*a - 2*f. What is the tens digit of a?
5
Let y = -73 - -75. Suppose -c + 2*m + 1 = 0, -y*c + m - 2 = -4*m. What is the units digit of -4*3/c + (-1876)/(-21)?
8
Let a be (0 - (-21)/28)*20. Let b be 218/5*(-10)/(-4). What is the units digit of 10/(a/(-3)) + b?
7
Let u = -180 - -168. What is the hundreds digit of (-5 - (-2)/(u/597))*-2?
2
Let p(s) = 173*s + 321. Let a be p(4). Suppose a*c = 1009*c + 5260. What is the units digit of c?
5
Suppose -81*s + 21735 = -76*s + 5*q, 4*s + 3*q = 17392. What is the hundreds digit of s?
3
Suppose -5*u - 5*d = -136510, -34*u + 39*u - 136510 = -4*d. What is the tens digit of u?
0
Let c(d) = -6*d - 2. Let i be c(-1). Suppose 8*q + i = -n + 5*q, 2*n - 2 = -q. What is the units digit of n?
2
Let h = 59132 + -36619. What is the thousands digit of h?
2
Suppose -58*h - 2*p + 94053 = -53*h, h - 18793 = 4*p. What is the thousands digit of h?
8
Let l be (-160)/(-720) + (-644)/(-18). What is the hundreds digit of (13 + 282/18)*l*1?
0
Suppose 5*m - 5*w = 61485, 28*w - 49173 = -4*m + 29*w. What is the units digit of m?
2
Suppose 7*o - 798 = 1337. Let p be (-5 + o/15)*18. Let y = -173 + p. What is the tens digit of y?
0
Suppose 60589 = 11*n - 27881 + 5046. What is the thousands digit of n?
7
Let a = 14 - -208. Let y = 315 - a. What is the units digit of y?
3
Let i(l) = -l**3 - 6*l**2 - 5*l - 6. Let a be i(-4). Let d be a/(-4) + (-2)/(-4) + -1. Suppose -d*p - p + 44 = m, m = -2*p + 41. What is the units digit of m?
9
Let f(n) be the third derivative of n**6/6 - n**4/24 + n**3/3 + 19*n**2. Let x = -41 + 43. What is the units digit of f(x)?
0
Let w(r) = 139*r - 49. Let b be w(7). Suppose -q + b = 257. What is the hundreds digit of q?
6
Let q = -427 - -234. Let k = -26 - q. What is the hundreds digit of k?
1
Let h(l) = 5*l**2 + l - 1. Let n be h(1). Let y(t) = 0*t - n*t - 8*t - t - 7. What is the tens digit of y(-8)?
0
Suppose -2*v = 4*y + 2*v - 124, 2*y - 57 = 3*v. Suppose -780 = -25*s - y. What is the units digit of s?
0
Suppose -28*w = -107*w + 3498989. What is the thousands digit of w?
4
Let m = 62334 - 41677. What is the ten thousands digit of m?
2
Suppose -5*k - 4*m + 5080 + 4728 = 0, -2*m = 5*k - 9814. Let g = k + -943. What is the hundreds digit of g?
0
Let t(q) = 51*q + 33. Let z be t(11). Let d = -253 + z. What is the hundreds digit of d?
3
Let q(w) = -6*w**2 + 10*w. Let d(f) = 5*f**2 - 9*f. Let r(a) = -7*d(a) - 6*q(a). Let c be r(-3). What is the tens digit of (-95 + -3 + c)/(-1)?
9
Let b be (-1)/5 + (-4 - (-252)/35). Suppose 0 = -2*o - 6, -b*g - 5*o = -o - 3405. What is the tens digit of g?
3
Let p(k) = 39*k**2 + 22*k - 30. Let v be p(-14). Suppose -v = -18*z - 2284. What is the hundreds digit of z?
2
Suppose -5*o - 20 = -3*j, -5*o + 2*o = -3*j + 12. Suppose j*k - 2*k = -72. Let b = k - 14. What is the units digit of b?
2
Suppose 19 = 4*m - 21. Let r = m - 17. What is the tens digit of ((-7350)/8)/r + 6/8?
3
Let z(j) = j**3 + 18*j**2 + 12*j + 5. Suppose -4*h + 60 = -9*h + 5*x, 0 = -4*h - 2*x - 72. What is the hundreds digit of z(h)?
3
What is the hundreds digit of (-8611673)/(-1666) - (-2)/(-28)?
1
Let z(j) = 811*j + 279. What is the thousands digit of z(13)?
0
Suppose 0 = -15*y + 32*y - 153. Suppose y*h - 2236 + 634 = 0. What is the tens digit of h?
7
Suppose -26*p + 461685 = 30*p - 21*p. What is the tens digit of p?
9
Let d = 5660 + 477. What is the hundreds digit of d?
1
Let h(z) = -2*z - 34. Let c be h(-14). What is the hundreds digit of (-16)/24 + (-1792)/c?
2
Let u = 37701 + -24568. What is the ten thousands digit of u?
1
Let q(a) = 12*a**2 + 8*a - 7. Let f be q(1). Suppose -f*x + 460 + 1750 = 0. What is the tens digit of x?
7
Let t(j) be the first derivative of 11/2*j**2 + 34 + 13*j + 1/3*j**3. What is the tens digit of t(-17)?
1
Suppose 85149 + 67536 = 2*c + 25*c. What is the tens digit of c?
5
Let f be 2/24*6*7638. Suppose -f = -19*j - 0*j. What is the units digit of j?
1
Suppose -3*q - 8 = -2*k + 14, 50 = 3*k + 4*q. Let x(v) = -k*v - 25 + 69 - 22. What is the tens digit of x(-10)?
6
Let p(o) = -o + 1. Let g be (3/(-4))/((-2)/8). Let v be p(g). What is the tens digit of (-1 - v)*-3 - -29?
2
Let p = -14898 - -36461. What is the units digit of p?
3
Let v(p) = -p**2 + 43 + 41*p + 2*p**2 - 29*p - 155. What is the units digit of v(-30)?
8
Let d(o) = 13*o + 5. Suppose 5*u - h = -14, 3*u - u - 5*h + 1 = 0. Let c be (-12)/8*8/u. What is the units digit of d(c)?
7
Suppose -588*x - 323059 = -631*x. What is the thousands digit of x?
7
Let w = 7 + -2. Suppose -w*q + 3 = -17. What is the tens digit of -4 + -2 + q - -13?
1
Let c = -73 + 70. Let d be (10/(-3) - c)/((-6)/(-126)). Let g(h) = 5*h**2 - 7*h - 20. What is the hundreds digit of g(d)?
2
What is the thousands digit of (-90741)/(-27) - (-44)/198?
3
Let u(v) = v**3 + 7*v + 3. Let k be u(13). Suppose -6*r + 2295 = -2*r + y, 4*r = -5*y + k. What is the tens digit of r?
7
Let l be (-2)/(-4) + (-2)/4*-9. Suppose 2*x - x - l*c = 358, x + c - 370 = 0. Suppose -4*s = a - x, 368 = 5*s - s - 3*a. What is the tens digit of s?
9
Let t = 278 - -137. Let o = t + -325. What is the units digit of o?
0
Let c(l) = 16*l**2 + 66*l - 14. What is the tens digit of c(-18)?
8
Let u(l) = 61*l - 155*l + 6*l**2 + 69*l + 6. What is the tens digit of u(10)?
5
Suppose -2*c + 1244 = -3*a + 6*a, -a + 4*c + 424 = 0. Suppose 2*q - 198 = -0*q - 4*y, 0 = -4*q - 4*y + a. What is the units digit of q?
9
Suppose 2*k = 5*g + 34661, -86695 = -74*k + 69*k + 4*g. What is the units digit of k?
3
Let g(n) = -3*n**3 - 13*n**2 + 12*n + 12. Let c be g(6). Let x = c + 1762. What is the units digit of x?
0
Let c = 345 + -351. Let a(h) = 8*h**2 + 17*h + 31. What is the tens digit of a(c)?
1
Let u(h) = -10*h + 6. Let q(s) = s**2 - s + 15. Let b be q(0). Let v = 5 - b. What is the tens digit of u(v)?
0
Let i be -7 - 20/10 - -15. Suppose -3765 - 4335 = -i*y. What is the hundreds digit of y?
3
Let o(c) = -c**2 + 6*c - 10. Suppose 2*l - 11 - 1 = -2*g, 2*l = 5*g - 16. Let m be o(g). What is the tens digit of 7/m*(-12 - -4)?
2
Let f = -49 - -47. Let q(n) = -64*n - 1. Let y(t) = 128*t + 3. Let s(z) = f*y(z) - 5*q(z). What is the units digit of s(1)?
3
Let v(w) = w**3 + 11*w**2 + 18*w. Let s be v(-9). Suppose s = -4*b - 717 - 1147. Let t = 725 + b. What is the hundreds digit of t?
2
Let g(v) = v**3 + 19*v**2 + 33*v - 4. Let i(x) = -46 + 29 + 7*x - 13*x. Let k be i(0). What is the tens digit of g(k)?
1
Suppose 0 = -44*k + 11852 + 11952. Let z = -372 + k. What is the hundreds digit of z?
1
Suppose 5*q + 18 = 3*r - 25, -2*r - 22 = 3*q. Let l = q - -10. Suppose 4*p = -5*x + 448, 2*x + 226 = l*p + 5*x. What is the units digit of p?
7
Let g(m) = 40*m**2 - 25*m - 293. What is the tens digit of g(-14)?
9
Suppose -2*w - 3*x + 17868 = 0, 5*w + 6*x = 8*x + 44613. What is the tens digit of w?
2
Let w = 18457 + 4025. What is the hundreds digit of w?
4
Let b(q) = q**3 + 6*q**2 + 2*q + 9. Let o be b(-12). Let u = -248 - o. What is the tens digit of u?
3
Let g = 4704 - 1725. Let u = g + -1387. What is the hundreds digit of u?
5
Let n = -11636 + 16316. What is the hundreds digit of n?
6
Let u = 719 + -1284. Let l = u + 992. What is the tens digit of l?
2
Let o(l) = 4*l**2 - 9*l - l + 11 + 2*l + 11*l - 3*l**2. What is the tens digit of o(-6)?
2
Let o be 5/(-25) - 996/(-5). Suppose 4*i = q + 4, -5*i = 3*q - 10*i - 2. Suppose -q*s - w = -751, s + 10*w = 6*w + o. What is the tens digit of s?
8
Let s be 1/(-2)*(-59 + 1). Let m(x) = -x**2 - 28*x - 17. Let k be m(-7). Suppose -k = -s*j + 27*j. What is the tens digit of j?
6
Suppose -24*m - 26976 = -16*m. Let w = 4974 + m. What is the thousands digit of w?
1
Suppose -5*o + 3*w + 44268 = 0, 3*w - 5 - 7 = 0. Suppose o = -d + 9*d. Suppose -r = j - 3*r - 228, 5*j = -r + d. What is the units digit of 